-5?
-2645
In base 2, what is 1001110 + -1111?
111111
In base 12, what is 4 - 315?
-311
In base 10, what is 502 - -2?
504
In base 9, what is 13 + 4?
17
In base 6, what is 111 + -311?
-200
In base 3, what is -10121220 - 2?
-10121222
In base 10, what is 1438 - 1?
1437
In base 9, what is -1 - 2060?
-2061
In base 12, what is 259b + 1?
25a0
In base 16, what is 1 + a5?
a6
In base 12, what is 13a + 1?
13b
In base 3, what is -12 + -110002?
-110021
In base 14, what is 105 - 5?
100
In base 7, what is -11523 + 3?
-11520
In base 10, what is 644 - 6?
638
In base 15, what is 93 - 3?
90
In base 2, what is 100111 - -1?
101000
In base 15, what is 2 - -434?
436
In base 14, what is 123 - 0?
123
In base 7, what is 6 + -3?
3
In base 15, what is -40 + -4?
-44
In base 4, what is 302 - -11?
313
In base 10, what is 16 - 42?
-26
In base 2, what is 101011000 - -101?
101011101
In base 7, what is -2540 - -3?
-2534
In base 6, what is -5 + -53?
-102
In base 12, what is -6 - -94?
8a
In base 9, what is 8 - 101?
-82
In base 12, what is -1a6 - 5?
-1ab
In base 5, what is -2431 - 1?
-2432
In base 9, what is -10 - -73?
63
In base 6, what is 4 + 251?
255
In base 4, what is 2030 + -10?
2020
In base 13, what is 2 + -2c?
-2a
In base 6, what is 1134400 + 4?
1134404
In base 11, what is 1151 - -5?
1156
In base 7, what is -406 + -5?
-414
In base 15, what is -a58 - 2?
-a5a
In base 7, what is 6363 - -5?
6401
In base 16, what is 4 + -164?
-160
In base 10, what is -153 - 2?
-155
In base 10, what is 2441 + 8?
2449
In base 13, what is 83 + 3?
86
In base 15, what is 1d + 4?
22
In base 15, what is 5549 + -2?
5547
In base 6, what is 1021 + -20?
1001
In base 11, what is 2258 - 11?
2247
In base 2, what is -10 - 10011000?
-10011010
In base 6, what is 21441 - -2?
21443
In base 11, what is -38 + 55?
18
In base 3, what is 20 + -11?
2
In base 3, what is 1 - -2021120?
2021121
In base 16, what is 14bc - -2?
14be
In base 4, what is -10 - 22131?
-22201
In base 3, what is -2201100 + 20?
-2201010
In base 14, what is -32 - -28?
-8
In base 15, what is -1 + -dd?
-de
In base 11, what is -4 + 74?
70
In base 4, what is -31020 - 31?
-31111
In base 14, what is -7 + 7b?
74
In base 4, what is -2 - 31131?
-31133
In base 13, what is -c - -17?
8
In base 5, what is 4 + 11333?
11342
In base 4, what is -1 + -130223?
-130230
In base 8, what is -2056 - -2?
-2054
In base 16, what is 3 - -15?
18
In base 15, what is 2 + 4d8?
4da
In base 10, what is 85 - -2?
87
In base 12, what is 0 + 6?
6
In base 12, what is 1a8 - 0?
1a8
In base 5, what is -21114 + 10?
-21104
In base 16, what is 0 + -79?
-79
In base 8, what is -5274 + 4?
-5270
In base 5, what is -2 - 3030?
-3032
In base 8, what is -7 + -20?
-27
In base 10, what is -3 - 165?
-168
In base 6, what is 1530 - 0?
1530
In base 14, what is 180 + -8?
176
In base 5, what is -10 - 1230?
-1240
In base 5, what is 1 + -2?
-1
In base 6, what is 3 + -2033?
-2030
In base 12, what is 3 + -383?
-380
In base 6, what is 2100 - -5?
2105
In base 15, what is -4 + -18?
-1c
In base 11, what is -12 + 4?
-9
In base 15, what is -4 - -2a?
26
In base 16, what is -1 + e9?
e8
In base 16, what is -5 + 1a1?
19c
In base 5, what is 440 - -1?
441
In base 7, what is -6 + -11135?
-11144
In base 8, what is 4 - -554?
560
In base 16, what is 12 + -36?
-24
In base 9, what is -1 + -264?
-265
In base 10, what is -40 - 13?
-53
In base 11, what is -19 + -5?
-23
In base 10, what is 1 + -252?
-251
In base 10, what is 1650 - -5?
1655
In base 10, what is 10 - -53?
63
In base 13, what is 5 + 337?
33c
In base 13, what is 0 - -2?
2
In base 3, what is -11 - -222220?
222202
In base 7, what is -2126 - 2?
-2131
In base 13, what is -7 - 4?
-b
In base 14, what is -3 - -335?
332
In base 14, what is 5 - 15d?
-158
In base 8, what is -3 + 516?
513
In base 9, what is 217 - -5?
223
In base 8, what is 2 - 100?
-76
In base 5, what is -12 + 3?
-4
In base 6, what is -3 - -1044?
1041
In base 8, what is 0 + 14?
14
In base 15, what is 1932 - -5?
1937
In base 8, what is 14 - 3?
11
In base 15, what is -4 - -837?
833
In base 9, what is 7738 + -5?
7733
In base 11, what is -3 + -57?
-5a
In base 10, what is -18 - 23?
-41
In base 4, what is 1203230 - 1?
1203223
In base 2, what is -1 + -1011101110?
-1011101111
In base 16, what is -1a58 + 1?
-1a57
In base 14, what is 2b + 2?
2d
In base 4, what is -20 + -11?
-31
In base 11, what is 123 + 17?
13a
In base 6, what is 532 + -12?
520
In base 5, what is -31 + -1?
-32
In base 16, what is -85 + 4?
-81
In base 10, what is -3 + 99?
96
In base 6, what is -25440 + 2?
-25434
In base 10, what is -1 + 4?
3
In base 4, what is 3 + -13?
-10
In base 15, what is c - -1?
d
In base 13, what is -7a - 77?
-124
In base 8, what is -5 + -2?
-7
In base 8, what is -10 - 335?
-345
In base 2, what is 1110011 - -11?
1110110
In base 15, what is 48 - 1a1?
-158
In base 10, what is -5 + 76?
71
In base 4, what is -221 - 200?
-1021
In base 11, what is 3 + 17a?
182
In base 12, what is 9 - 27?
-1a
In base 11, what is -41 - 2?
-43
In base 8, what is -25 + -13?
-40
In base 10, what is 493 + -5?
488
In base 7, what is -346 - -2?
-344
In base 8, what is -50 - 4?
-54
In base 16, what is -4 - 273?
-277
In base 7, what is -2 - -105?
103
In base 16, what is 3 + -6d?
-6a
In base 16, what is 4a + -6?
44
In base 5, what is 1003 + -23?
430
In base 6, what is 0 - -1432?
1432
In base 7, what is -3361 + 5?
-3353
In base 11, what is 4 - -35?
39
In base 14, what is 15 - -28?
3d
In base 5, what is 20 + -1223?
-1203
In base 2, what is 10110000 - 1?
10101111
In base 7, what is 3 - -26?
32
In base 8, what is 2000 - -1?
2001
In base 8, what is 1 - 102?
-101
In base 4, what is 132 + -133?
-1
In base 9, what is 0 - 67?
-67
In base 8, what is 22160 + -3?
22155
In base 8, what is 23 - 1076?
-1053
In base 12, what is -1ba + 0?
-1ba
In base 16, what is -1 + -7c7?
-7c8
In base 6, what is 10 - 0?
10
In base 13, what is -1b + 3?
-18
In base 14, what is 1 - 5c3?
-5c2
In base 16, what is 0 + 140?
140
In base 9, what is -554 - -2?
-552
In base 15, what is -202 + 4?
-1ed
In base 9, what is 302 - -2?
304
In base 16, what is 5 + 60d?
612
In base 11, what is -1746 + 0?
-1746
In base 15, what is -43 - -2?
-41
In base 4, what is 21000 - 13?
20321
In base 9, what is 14 - 3?
11
In base 2, what is -10 - -10110000010?
10110000000
In base 16, what is -5 + -114?
-119
In base 7, what is -2056 + 4?
-2052
In base 11, what is 15 - -5?
1a
In base 13, what is -9 - 20?
-29
In base 13, what is 31 - 3c5?
-394
In base 10, what is -5 + 0?
-5
In base 14, what is 26a7 + 4?
26ab
In base 13, what is 57 + -1?
56
In base 11, what is -37 + -9?
-45
In base 7, what is -10115 + 1?
-10114
In base 3, what is 10010102 - 2?
10010100
In base 4, what is -113020 + -11?
-113031
In base 5, what is 20 + -20?
0
In base 7, what is 15660 + 2?
15662
In base 10, what is -4 - -8?
4
In base 8, what is -16 + -336?
-354
In base 14, what is -56 - 8?
-60
In base 3, what is 10200 - 101?
10022
In base 11, what is -4 + 1567?
1563
In base 14, what is 4 - 198?
-194
In base 6, what is -2 - 11150?
-11152
In base 16, what is -c - 932?
-93e
In base 6, what is 120 + 42?
202
In base 16, what is -b - 241?
-24c
In base 7, what is -500 - 2?
-502
In base 15, what is -3 - -dd7?
dd4
In base 16, what is 3 + 46?
49
In base 4, what is 3 + 1311?
1320
In base 4, what is -111023 - 2?
-111031
In base 4, what is 23 - -32?
121
In base 11, what is 0 - -26a8?
26a8
In base 15, what is -1e + -12?
-31
In base 11, what is -159 + 0?
-159
In base 11, what is -40 + -2?
-42
In base 8, what is 5 - -10?
15
In base 10, what is 34 - 3?
31
In base 12, what is 5 + 15?
1a
In base 15, what is -13 + 11?
-2
In base 4, what is -2 - 3033?
-3101
In base 8, what is -107 - -166?
57
In base 4, what is -1200 + -113?
-1313
In base 2, what is -100 - 11100010110?
-11100011010
In base 10, what is -150 - -1?
-149
In base 15, what is 1b4 + -4?
1b0
In base 12, what is -3 + a1a?
a17
In base 8, what is 324 + 21?
345
In base 10, what is -258 + -4?
-262
In base 10, what is 185 + 1?
186
In base 4, what is 30110 - -11?
30121
In base 15, what is -7a - b?
-86
In base 16, what is 38b - 4?
387
In base 8, what is -2770 + 3?
-2765
In base 11, what is -311 - -1?
-310
In base 13, what is 3b4 - 23?
391
In base 11, what is 804 + 4?
808
In base 10, what is 8 - 31?
-23
In base 9, what is -3671 + 4?
-3666
In bas